of l?
47
Suppose -5*u - 7 = -6*u. Let p(g) = 6 - 1 + u - 2*g. What are the prime factors of p(-5)?
2, 11
Suppose 5*v - 10 = 0, 0 = -6*k + 4*k - 2*v + 322. What are the prime factors of k?
3, 53
Let r be -1 - 0 - 4*-1. What are the prime factors of 108 + (r + -11)/2?
2, 13
Let d be 1 + 10 + (10 - 12). What are the prime factors of (-2 - -2) + (89 - d)?
2, 5
Suppose 2*g + 5*m = -0*g + 6749, 2*g - 6743 = m. What are the prime factors of g?
2, 3, 281
Suppose -r - 5*f + 35 = -80, 0 = -4*r - 5*f + 490. Suppose 0 = -x - 6 + 1, 5*w - r = -3*x. List the prime factors of w.
2, 7
Let h(o) = -o**2 + 6*o - 5. Let w be -3 + 11 - (6 + -2). Let y be h(w). Suppose -154 = -y*t - 2*n, -2*t + 3*n + n = -108. List the prime factors of t.
2, 13
Suppose -5*u = -2*q - 314, 140 = 2*u + q + 9. Suppose 155 = -7*x + 50. List the prime factors of 6/x + u/10.
2, 3
Let h be ((-4)/(-6))/((-8)/(-516)). Suppose d - 3*p - 50 = -5*p, -5*p - h = -d. Let n = -28 + d. List the prime factors of n.
2, 5
Suppose 35*k - 16*k - 46208 = 0. What are the prime factors of k?
2, 19
Let i(c) = 20*c**2 - 9*c - 26. List the prime factors of i(10).
2, 3, 157
Suppose -5*g + 2*g = 3. List the prime factors of (g/1)/(6/(-234)).
3, 13
Let c(l) = -l**3 + 14*l**2 - 12*l - 9. Let x be c(13). Suppose 0*y + 39 = -3*y. Let i = x - y. List the prime factors of i.
17
Suppose -5*l = 4078 - 18128. What are the prime factors of l?
2, 5, 281
Let r(j) = 2*j**3 + 6*j**2 - 18*j + 73. List the prime factors of r(8).
7, 191
Let h be ((-38)/(-8))/((-2)/(-64)). Suppose -195 = -5*j - 5*k, j + 2*j = 4*k + h. What are the prime factors of j?
2, 11
Suppose 2*i + 3*w = 26, 5 + 27 = 3*i + w. Suppose -2*f - f - i = -2*l, -4*f + 2*l = 12. List the prime factors of (-1 - f)*-3 + 35.
2
Let d(u) = -u**3 - 4*u**2 + 8. Suppose -7 - 5 = 3*h. What are the prime factors of d(h)?
2
Let m be ((-1)/3)/(3/(-45)). Suppose 0 = -m*c + 310 + 505. Suppose -2*l - 33 = -c. List the prime factors of l.
5, 13
Suppose 0 = -39*l + 34*l + 610. What are the prime factors of (l + 2)*2/4?
2, 31
Let m(f) = 164*f**2 + 6*f - 14. List the prime factors of m(-3).
2, 19
Let y(d) = d - 1. Let x = 20 - 6. Suppose -3*a + x = 2, a = -f + 11. What are the prime factors of y(f)?
2, 3
Let s be 755/(-10)*1*-6. Suppose -4*w - 372 = -4*d, -5*d + s = -4*w + 5*w. What are the prime factors of d?
7, 13
Let f(h) = 104*h + 1. Let y be (-8)/(-14) + 68/28. List the prime factors of f(y).
313
Let v = -879 + 1314. What are the prime factors of v?
3, 5, 29
Let j(a) = -a**2 - 10*a - 14. Let l be j(-5). Suppose o - f = -4*f + 15, o + 4*f = l. List the prime factors of o.
3
Suppose -5*z = k - 7*z - 340, -5*k = z - 1689. List the prime factors of k.
2, 13
Let y(h) = 10*h**2 - 4*h + 13. List the prime factors of y(11).
3, 131
Let w(t) = -86*t**2 + 9*t. Let p(y) = y**2 - y - 1. Let l(j) = -5*p(j) - w(j). List the prime factors of l(1).
2, 41
Let s = 4 + 12. Let g = s + -2. What are the prime factors of g?
2, 7
Let v(p) = 11*p - 19. Let m be v(19). Let x = m - 99. What are the prime factors of x?
7, 13
Let m(v) = -31*v - 205. What are the prime factors of m(-22)?
3, 53
Let q = -146 - -137. What are the prime factors of 2/(-1) + (-1260)/q?
2, 3, 23
Suppose 5 = r - 4*w, -4*w = r + 11 - 0. Let s = r + 7. Suppose -2*p - s = -18. What are the prime factors of p?
7
Let t be (18 + 1 - 1)*13. Suppose 18*p - t = 17*p. What are the prime factors of p?
2, 3, 13
Let b be 5/(-35) + 30/14. Suppose b*u = 3*v - 81, 6*v - 3*u = 2*v + 108. List the prime factors of v.
3
Suppose -k + 6 - 3 = 0. Suppose -k = w, -3*z = -2*w - 108 - 93. Suppose -z - 15 = -4*b. What are the prime factors of b?
2, 5
Suppose -1035 = -7*j + 421. What are the prime factors of j?
2, 13
Suppose 5*x + 137 = 552. What are the prime factors of x?
83
Let q = 4638 + -2998. List the prime factors of q.
2, 5, 41
Let j(c) = 2*c**3 + 23*c**2 + 14*c - 5. Let p be j(-11). Let u = 214 + p. What are the prime factors of u?
2, 11
Suppose 534*j + 23705 = 545*j. What are the prime factors of j?
5, 431
Suppose 3 = -t + 2. What are the prime factors of (t - -6)/(5/6)?
2, 3
Suppose -4*s = -l - 2237, 3*l = 3*s + 4*l - 1676. What are the prime factors of s?
13, 43
Let o(z) = z + 17. Let s be o(9). Let w = s + 23. What are the prime factors of w?
7
Let v = -19 - -7. List the prime factors of 338/18 - v/54.
19
Suppose -7*q + 3*q - 17 = -3*v, -5*v = -4*q - 15. List the prime factors of (0/(-3) - v)*33.
3, 11
Let w(p) = 3*p**3 + p - 13 + 0*p**3 + 0*p - 4*p**2 + 15. Let i be (1/2)/((-2)/(-8)). What are the prime factors of w(i)?
2, 3
What are the prime factors of (-11544)/(-16) + 6/4?
3, 241
Let r(x) = 2*x + 14. Let q be r(-7). Suppose q*l - 5*l + 50 = 0. List the prime factors of ((-170)/25)/((-2)/l).
2, 17
Let f = -9 + 7. Let v be (-13)/1 - (f + -1). List the prime factors of (v/15)/((-6)/279).
31
Suppose -9 = 4*f - 29. Suppose 8 + 2 = -f*h, h = g - 28. Let w = -5 + g. What are the prime factors of w?
3, 7
Suppose -4021 = -14*n + 10105. List the prime factors of n.
1009
Suppose -131 - 249 = 10*s. List the prime factors of (-3)/((-3)/(-2))*s/1.
2, 19
Suppose -5*d + 7*d + 18 = 0. Let g be (-4)/18 + (-38)/d. Suppose -g*q + 2*p + 158 = 0, 6 = -3*p - 3. List the prime factors of q.
2, 19
Suppose -10*j - 66 = -6526. List the prime factors of j.
2, 17, 19
Suppose -i = -5*y + 2*i - 99, -60 = 3*y - 2*i. Let w = -15 - y. Suppose 2*m - 2 = 2*t + 2, w*m = 5*t + 2. List the prime factors of m.
2
Suppose -7*u + 4*t + 4024 = -3*u, 3*t - 5006 = -5*u. List the prime factors of u.
17, 59
Let j(o) = o**3 - 38*o**2 - 36*o - 23. What are the prime factors of j(40)?
3, 193
Suppose -2*c + 1092 = -5*m, 3*c - 1859 = 3*m - 230. Suppose 0 = u - 0*u - 3*v - 177, 4*v + c = 3*u. List the prime factors of u.
3, 61
Suppose -3*t + 3*i - 33 = 0, 3*t = -5*i - 1 - 0. List the prime factors of t/((-21)/6) - -121.
3, 41
Suppose -3*u - 2*u + 10 = 0. Suppose 0 = u*n - 0*n + 30. Let d = 35 + n. List the prime factors of d.
2, 5
Let f(r) = -r**2 + 9*r - 12. Let x be f(7). Suppose 6*q - x*z = 4*q + 344, -2*q = z - 338. What are the prime factors of q?
2, 5, 17
Suppose 2*z - 5*g + 21 = -4*g, -4*z + 5*g = 45. Let c = 42 - z. Suppose 6*h - h - 4*u = c, -2*h = -3*u - 18. What are the prime factors of h?
2, 3
Let u(p) = -p**3 - p**2 + 4*p - 1. Let g be u(-3). Suppose -4*v = 5*b - 3, 8*b - g*v + 14 = 4*b. Let o = b + 24. What are the prime factors of o?
23
Suppose -3*o - 36 = -9. Let u(q) = -q**2 - 9*q - 2. Let g be u(o). What are the prime factors of (18*-1 + 2)*g?
2
Let l(f) = f - 10. Suppose -2*z + 6 = -8. Let h be l(z). What are the prime factors of 1 + h + (3 - -13)?
2, 7
Let w = 382 + -178. List the prime factors of w.
2, 3, 17
Suppose 0*x = -5*x - 5. Let w = x + 82. List the prime factors of w.
3
Let z(u) = 10*u + 4*u + 12*u - 24*u + 8. Let q be z(-2). Suppose v + 34 = q*p - 44, -2*p + 5*v = -30. List the prime factors of p.
2, 5
Suppose 0 = 2*r + 5*r - 63. Let j(s) = -7 + 8 + 2 + r + s**2 + 2*s. What are the prime factors of j(-8)?
2, 3, 5
Suppose -58641 = 129*a - 162*a. List the prime factors of a.
1777
Let x(s) = 3*s + 111. List the prime factors of x(-22).
3, 5
Let l = -51 + 53. Suppose 154 = -0*b + 2*b + l*s, 0 = -s - 5. What are the prime factors of b?
2, 41
Suppose -10*j + 1012 = j. Suppose v - j = -3*d - 4*v, -4*d + v = -115. What are the prime factors of d?
29
Let y(a) be the first derivative of 14*a**3 - a - 9. What are the prime factors of y(-1)?
41
Let w = 222 - 155. What are the prime factors of w?
67
Let z = -22 - -10. What are the prime factors of (z/(-3))/(6*1/57)?
2, 19
Let l = -22 - -22. Suppose l = -2*p + 4*p - 24. Let w(s) = s**2 - 11*s + 15. What are the prime factors of w(p)?
3
Suppose 0 = -35*z + 48*z - 7813. List the prime factors of z.
601
Let k(t) = -t + 1. Let z be (-6)/((-9)/(-3)) + -2. Let i(g) = -20*g + 6. Let l(x) = z*k(x) + i(x). What are the prime factors of l(-2)?
2, 17
Suppose 0 = 2*j - q - 3721, -1687 = -j + 5*q + 196. List the prime factors of j.
2, 929
Suppose 7*q - 6760 = -3*q. What are the prime factors of q?
2, 13
Suppose -d - 75 = -0*t - 4*t, 2*t = 2*d + 30. Suppose -t = -c + 3*m, m = -5*c + 3*c + 26. List the prime factors of 206/c + 10/35.
3, 5
Suppose 2*y = 8, 3*x + 2*y - 252 - 1394 = 0. Suppose 2*m + x = 8*m. List the prime factors of m.
7, 13
